i) + 5*r(i). Determine w(6).
6
Suppose 6 = 14*w - 176. Let n(q) = -q + 19. What is n(w)?
6
Let u be (0 + 1)*(3 + 0). Let n(w) = -u*w - 3 + 2 + 1. Suppose -3 = -4*h - 5*o - 40, 15 = -3*o. Give n(h).
9
Let u(n) = n**3 - n**2 - n. Let m be u(2). Suppose -a - 3 = 2*f, -f = 2*a + f + m. Let k(p) = 1 - 3*p - 16*p**2 + 3*p**2 + 2*p. Determine k(a).
-13
Suppose 4*m + u = 0, -7*m + 5*u = -7*m. Let r(i) = -i**2 + i + 1. Let s(k) = 3*k**2 - 4*k + 2. Let b(x) = -4*r(x) - s(x). Calculate b(m).
-6
Suppose 0 = -6*c + 3*c - u + 10, -4*c = 5*u - 28. Let y(o) = o**c + 3 - o**3 - 7 - 6. What is y(0)?
-10
Let h = 36 - 17. Suppose 4*o = 4*s + 20, 0 = -0*o + 2*o - 5*s - h. Suppose -4*a = -o*j - 4, -5*a = -4*j - 0 - 2. Let w(i) = 5*i - 3. Determine w(a).
7
Let z(f) = 7*f**2 + 18*f + 24. Let t be z(-6). Let q = t + -174. Let a(o) = -o - 1. Give a(q).
5
Suppose 0 = 17*t - 44 + 10. Let j(b) be the first derivative of -6*b + 4 - 1/4*b**4 - 4/3*b**3 - b**t. Give j(-4).
2
Let v(b) = b**2 + 5*b - 5. Suppose -4*w + 16 = -28. Suppose -w*m = -8*m + 18. Give v(m).
1
Suppose -3*b = a + 1 - 9, -4*b = -4*a. Let r(h) = -2*h - 10. Let o be r(-9). Suppose b*q + 20 = o. Let v(c) = -3*c - 1. What is v(q)?
17
Let z = -19 - -10. Let o(v) = v**2 + 10*v + 6. Let k be o(z). Let i(a) = -9*a - 7. Let y(q) = 11*q + 8. Let s(p) = 5*i(p) + 4*y(p). What is s(k)?
0
Suppose z + 2*r - 22 + 24 = 0, 6*z + 54 = 2*r. Let j(o) = 11*o + 7. Let k(y) = -5*y - 4. Let t(c) = 4*j(c) + 9*k(c). What is t(z)?
0
Suppose -4*q + 20 = 0, -7*j - 5*q = -3*j + 15. Let t(u) = -u**2 - 7*u + 14. What is t(j)?
-16
Let r(k) = 3*k**2 - 5*k - 5. Suppose -36 + 78 = -21*q. What is r(q)?
17
Let c(r) = 4*r + 21. Let f(x) = x + 2. Let i(a) = -c(a) + 5*f(a). What is i(0)?
-11
Let l(f) be the third derivative of f**6/120 - f**5/60 - f**4/24 - f**3/3 + f**2 - 7. What is l(2)?
0
Let a(n) be the first derivative of -n**3/3 + 3*n**2 + 5*n - 3. Let y be 6 - 0/(-2 + -2). Calculate a(y).
5
Let b(n) = -27*n**2 - 6*n + 61*n**3 - 44*n**3 - 37*n**3. Let r(l) = 7*l**3 + 9*l**2 + 2*l. Let c(d) = -6*b(d) - 17*r(d). Calculate c(-9).
-18
Suppose 2*g + 3*g = 110. Let v = -7 - g. Let m = v + 32. Let o(r) = 3*r - 1. Calculate o(m).
8
Let y(d) = -7*d**2 - 21*d + 3. Let j be y(-3). Let h(q) be the second derivative of 0 + 3/2*q**2 - 2*q + 1/3*q**j. What is h(-4)?
-5
Let v(z) be the first derivative of -3*z**2/2 + 10*z + 10. Let d be v(2). Let t(y) = -4*y + 6. Give t(d).
-10
Let m be 10/(-30) - 1/(-3). Let k(j) be the third derivative of j**6/120 + 3*j**3 - 89*j**2. What is k(m)?
18
Let o(f) = 3*f + 14. Let j(v) = v. Let g(t) = 4*j(t) - o(t). Suppose 0 = 4*m + 12, m - 12 = -n + 6*m. Let s be 6/(-81)*n - 2/9. Give g(s).
-14
Let i(a) = 3*a - 4. Let c(y) = 8*y - 11. Let g(b) = -b**2 - 9*b + 14. Let x be g(-10). Let k(v) = x*c(v) - 11*i(v). Give k(-1).
1
Let t be (20/(-15) - -2)*-57. Let u = -34 - t. Let m(g) = u*g - 3*g + 4 - 6*g + 4*g. Give m(3).
1
Let k(j) be the third derivative of j**4/8 - 13*j**3/3 + 2*j**2 - 8*j. What is k(9)?
1
Let t = -89 + 79. Let l(r) = r**2 + 8*r - 12. Determine l(t).
8
Suppose 4*j - 16 = -4*u, 0*u - 3*u - 4*j = -12. Let i(v) = 8 - 1 + 1 - 3 - 7*v + 2*v**2. Give i(u).
9
Let z(d) = 2*d - 3. Let w = -38 + 46. Suppose 12*t + w = 16*t. Give z(t).
1
Let i(b) = b + 231 - 82 - 77 - 81. Determine i(10).
1
Suppose 0 = -j - 5*y + 52, 2*y + 240 = 4*j - 34. Let l = -73 + j. Let u(c) be the first derivative of c**3/3 + 5*c**2 + 6*c + 1. Give u(l).
-18
Let a(d) = -d**3 - 3*d**2 + d + 3. Let b(m) = 5*m**3 + 13*m**2 - 4*m - 13. Let r(y) = 9*a(y) + 2*b(y). Let u(p) = -2*p - 20. Let l be u(-9). Determine r(l).
-13
Let p be (-1)/(8/(-3) - -3). Let b(k) = 3*k**2 + 3*k - 1. What is b(p)?
17
Let y(i) be the first derivative of -i**5/120 + i**4/6 + 5*i**3 + 27. Let u(t) be the third derivative of y(t). Give u(5).
-1
Let a(p) = 4*p**2 - p - 13. Let v(r) = -5*r**2 + r + 13. Let c(x) = -4*a(x) - 3*v(x). Determine c(0).
13
Let f(t) be the first derivative of t**2 - 8*t + 429. Suppose -3*o + 14 = -o. Determine f(o).
6
Let a(q) be the third derivative of -q**5/60 - 7*q**4/24 - 3*q**3/2 - 2*q**2. Let f = 115 + -121. Determine a(f).
-3
Let m(f) = 1 - 3*f**2 + 3*f - 3*f. Suppose 2*w + 28 = -36. Let d = w - -31. Calculate m(d).
-2
Suppose -2*r - 33 + 5 = 0. Let u be ((-9)/6)/(3/r). Let q(z) = -7*z + 14*z**2 - 6 - u*z**2 - 6*z**2. Determine q(7).
-6
Let s(q) be the third derivative of q**6/40 + q**5/30 - q**4/8 - q**3/3 + q**2. Let l(r) = -r**2 - 12*r + 24. Let k be l(-12). Let o = k - 26. Calculate s(o).
-12
Suppose 3 = -2*s + 17. Let u(a) = -a**3 + 8*a**2 - 6*a - 7. Let v be u(s). Let f(z) = 6*z**2 + 0*z - 2*z**2 + v*z. Give f(1).
4
Let z(t) = -t - 2. Let u = -80 + 135. Let o = u + -57. Determine z(o).
0
Let o be 2/(-2 - 12/(-5)). Suppose 2*t - 5*q + 8 = -15, -o*t - 5 = -2*q. Let s(z) = -t - 3*z + 4*z - z**2 + 4. What is s(0)?
3
Let b(q) = q**2 + 7*q + 9. Suppose 4*g - 3 = 1. Suppose -5*t + u - 34 = 0, -g + 3 = t + 2*u. Determine b(t).
3
Let j(c) = c**3 - 6*c**2 - c - 7. Let b = 1043 - 1037. Give j(b).
-13
Let r(p) = -2*p + 3. Let g(s) = 4*s**2 - 3*s**2 + 2 - 630*s + 630*s. Let y be g(0). What is r(y)?
-1
Let o(v) = 2*v - 11. Let x(a) = -a + 5. Let n(w) = -2*o(w) - 5*x(w). Suppose -21*s - 15 = -16*s. Let u(g) = g**2 + 3*g + 4. Let p be u(s). What is n(p)?
1
Let v(m) = -5 + 2*m - 276*m**2 + 277*m**2 - 2*m. Determine v(-4).
11
Let z(w) = -w**3 - 2*w + 1. Suppose 6*n = -129 + 117. What is z(n)?
13
Suppose -5*o - 3 + 18 = 0. Suppose -o*x - l + 13 = -0*l, 3*x - l - 23 = 0. Let m(k) = -1519 + 6*k**2 + 704 - k**3 + 823 - 2*k. Calculate m(x).
-4
Let h(f) = -13*f + 15*f**2 - 2*f**2 + 86 - 76 + f**3. Let y be h(-14). Let l(z) = -2*z**2 - 6*z - 1. Give l(y).
-9
Let a be ((-10)/(-15))/((-1)/(-9)). Let u = 5 - a. Let z(b) = -33*b**2 + 0 + 31*b**2 - 2*b**3 + 1. What is z(u)?
1
Let b(m) = -m**2 - m - 1. Let h(g) = g**2 - g. Let u be h(1). Let z(i) = 2*i - 3 + 3 - i**3 - 1 + u - i**2. Let x be z(1). Give b(x).
-1
Suppose -13*n - 329 + 381 = 0. Let l(d) = -d**3 - 6*d + 1 + 2 + 0*d + 4*d**2 + 2. What is l(n)?
-19
Let t(h) be the third derivative of 1/60*h**5 + 7/24*h**4 + 0*h + 7/6*h**3 - 18*h**2 + 0. What is t(-5)?
-3
Let w = -2 + 7. Let l(g) = -g**2 + 920 - 920. Let v(j) = -4*j**2 + 4*j + 6. Let p(b) = w*l(b) - v(b). Determine p(-4).
-6
Let w(g) = -3*g + g**3 + 3*g**2 + 2 + 3*g**2 - 8. Suppose 0*j + 77 = 4*v - 5*j, 0 = v - 3*j - 21. Suppose -3*q - 2*q - v = -3*p, -16 = 4*p. Calculate w(q).
12
Let w(q) = -5*q**3 - q**2 - q + 1. Let x = 3 - -1. Suppose -2*n - 4 = -4*n. Suppose x*k - 6*k = -n. Calculate w(k).
-6
Let a(q) = -13*q + 2. Suppose -18*j + 5*d - 24 = -17*j, d = 2*j + 3. What is a(j)?
-11
Let i(a) = a**2 + 18*a - 15. Let b be i(-19). Let j(y) = 1 - y**3 + 0*y**2 - b + 5*y**2 + y + 6*y. What is j(6)?
3
Let v(n) be the third derivative of -7*n**6/360 + n**4/24 - 2*n**3 + 21*n**2. Let d(s) be the first derivative of v(s). Give d(1).
-6
Let g(d) be the third derivative of -1/3*d**4 - d**3 - d**2 - 1/60*d**5 + 0 + 0*d. Let f(k) = -122*k + 5240. Let m be f(43). What is g(m)?
6
Let f(t) = -t + 2. Let g be f(9). Let j = g - -3. Let l be (-15)/(-10) - 18/j. Let a(i) = -i**3 + 6*i**2 + 3. Determine a(l).
3
Let y be ((-31)/(-2))/((-13)/(-26)). Suppose -y = 4*l - 3. Let i(g) = -10 + 2*g + 0*g - 3*g. Give i(l).
-3
Let n(z) = z**3 - 14*z**2 + 11*z + 9. Let u be n(13). Let h = u - -15. Let y(l) = l + 1. Give y(h).
-1
Let t(d) = d**3 - 20*d**2 - 23*d + 34. Let x be t(21). Let f(z) = -6*z - 60. Give f(x).
-12
Let d(t) = t**2 - 6*t. Let g be d(3). Let c = g + 14. Suppose c*m + z = -7, -m = 5*z - 0*z - 13. Let x(n) = -n**2 - 5*n - 1. Calculate x(m).
5
Suppose 5*c = -4*h + 29 - 0, 2*c = 5*h - 28. Let n be (4 + -1)*8/h. Let d be (n/6)/((-6)/27). Let b(f) = f**3 + 3*f**2 + 1. Calculate b(d).
1
Let z(r) = -3*r**3 + 10*r**2 - 2*r - 11. Let x(o) = -7*o**3 + 21*o**2 - 5*o - 23. Let m(t) = 2*x(t) - 5*z(t). Give m(8).
9
Let c(x) = 8*x - 218. Let u be c(28). Let k(f) = f + 1. What is k(u)?
7
Suppose u = -4*u + 2*v + 22, -5*u = -5*v - 25. Let l(i) = i**3 - 5*i**2 + 3*i - 10. Determine l(u).
-14
Let u(t) be the third derivative of t**6/720 - t**5/40 - t**4/2 - 13*t**2. Let h(m) be the second derivative of u(m). What is h(-5)?
-8
Let a(o) = o - 15. Let l be (-6 + (-168)/(-36))*6. Give a(l).
-23
Le